{"id":39,"date":"2020-05-15T12:11:22","date_gmt":"2020-05-15T12:11:22","guid":{"rendered":"http:\/\/moac-music.de\/?page_id=39"},"modified":"2020-05-15T13:39:24","modified_gmt":"2020-05-15T13:39:24","slug":"referenzen","status":"publish","type":"page","link":"https:\/\/moac-music.de\/?page_id=39","title":{"rendered":"Referenzen"},"content":{"rendered":"\n<div class=\"wp-block-columns is-layout-flex wp-container-core-columns-is-layout-9d6595d7 wp-block-columns-is-layout-flex\">\n<div class=\"wp-block-column is-layout-flow wp-block-column-is-layout-flow\" style=\"flex-basis:33.33%\">\n<p>Juni 2018<\/p>\n<\/div>\n\n\n\n<div class=\"wp-block-column is-layout-flow wp-block-column-is-layout-flow\" style=\"flex-basis:66.66%\">\n<p>Auftritt auf dem Gemeindefest der ev. Kirchengemeinde Ummeln mit zus\u00e4tzlichem Rudelsingen mit der Gemeinde<\/p>\n<\/div>\n<\/div>\n\n\n\n<div class=\"wp-block-columns is-layout-flex wp-container-core-columns-is-layout-9d6595d7 wp-block-columns-is-layout-flex\">\n<div class=\"wp-block-column is-layout-flow wp-block-column-is-layout-flow\" style=\"flex-basis:33.33%\">\n<p>Mai 2019<\/p>\n<\/div>\n\n\n\n<div class=\"wp-block-column is-layout-flow wp-block-column-is-layout-flow\" style=\"flex-basis:66.66%\">\n<p>Musikalische Gestaltung des 1. Mai-Fr\u00fchlingsfestes im &#8222;Gastlichen Dorf&#8220; in Delbr\u00fcck<\/p>\n<\/div>\n<\/div>\n\n\n\n<div class=\"wp-block-columns is-layout-flex wp-container-core-columns-is-layout-9d6595d7 wp-block-columns-is-layout-flex\">\n<div class=\"wp-block-column is-layout-flow wp-block-column-is-layout-flow\" style=\"flex-basis:33.33%\">\n<p>September 2019<\/p>\n<\/div>\n\n\n\n<div class=\"wp-block-column is-layout-flow wp-block-column-is-layout-flow\" style=\"flex-basis:66.66%\">\n<p>Konzert zum Sonntags-Shoppen beim Feuerwehrfest des L\u00f6schzuges Avenwedde der freiw. Feuerwehr Stadt G\u00fctersloh<\/p>\n<\/div>\n<\/div>\n\n\n\n<div class=\"wp-block-columns is-layout-flex wp-container-core-columns-is-layout-9d6595d7 wp-block-columns-is-layout-flex\">\n<div class=\"wp-block-column is-layout-flow wp-block-column-is-layout-flow\" style=\"flex-basis:33.33%\">\n<p>Dezember 2018\/19<\/p>\n<\/div>\n\n\n\n<div class=\"wp-block-column is-layout-flow wp-block-column-is-layout-flow\" style=\"flex-basis:66.66%\">\n<p>Weihnachtliches Adventskonzert auf dem Stadtteilweihnachtsmarkt in Bi-Ummeln <\/p>\n<\/div>\n<\/div>\n\n\n\n<p>Live Musik mit anschlie\u00dfender DJ-Performance auf diversen Hochzeiten und Geburtstagen.<\/p>\n","protected":false},"excerpt":{"rendered":"<p>Juni 2018 Auftritt auf dem Gemeindefest der ev. Kirchengemeinde Ummeln mit zus\u00e4tzlichem Rudelsingen mit der Gemeinde Mai 2019 Musikalische Gestaltung des 1. Mai-Fr\u00fchlingsfestes im &#8222;Gastlichen Dorf&#8220; in Delbr\u00fcck September 2019 Konzert zum Sonntags-Shoppen beim Feuerwehrfest des L\u00f6schzuges Avenwedde der freiw. Feuerwehr Stadt G\u00fctersloh Dezember 2018\/19 Weihnachtliches Adventskonzert auf dem Stadtteilweihnachtsmarkt in Bi-Ummeln Live Musik mit &hellip; <\/p>\n<p class=\"link-more\"><a href=\"https:\/\/moac-music.de\/?page_id=39\" class=\"more-link\"><span class=\"screen-reader-text\">\u201eReferenzen\u201c <\/span>weiterlesen<\/a><\/p>\n","protected":false},"author":1,"featured_media":0,"parent":0,"menu_order":0,"comment_status":"closed","ping_status":"closed","template":"","meta":{"footnotes":""},"class_list":["post-39","page","type-page","status-publish","hentry"],"_links":{"self":[{"href":"https:\/\/moac-music.de\/index.php?rest_route=\/wp\/v2\/pages\/39","targetHints":{"allow":["GET"]}}],"collection":[{"href":"https:\/\/moac-music.de\/index.php?rest_route=\/wp\/v2\/pages"}],"about":[{"href":"https:\/\/moac-music.de\/index.php?rest_route=\/wp\/v2\/types\/page"}],"author":[{"embeddable":true,"href":"https:\/\/moac-music.de\/index.php?rest_route=\/wp\/v2\/users\/1"}],"replies":[{"embeddable":true,"href":"https:\/\/moac-music.de\/index.php?rest_route=%2Fwp%2Fv2%2Fcomments&post=39"}],"version-history":[{"count":3,"href":"https:\/\/moac-music.de\/index.php?rest_route=\/wp\/v2\/pages\/39\/revisions"}],"predecessor-version":[{"id":71,"href":"https:\/\/moac-music.de\/index.php?rest_route=\/wp\/v2\/pages\/39\/revisions\/71"}],"wp:attachment":[{"href":"https:\/\/moac-music.de\/index.php?rest_route=%2Fwp%2Fv2%2Fmedia&parent=39"}],"curies":[{"name":"wp","href":"https:\/\/api.w.org\/{rel}","templated":true}]}}